 - 10*b. Let r(t) be the first derivative of m(t). Give r(6).
-8
Let n(t) be the second derivative of 3/2*t**2 + 0 - 1/2*t**3 + 16*t. Give n(-3).
12
Let t(d) = -d**2 + 9*d - 10. Let m be 2 - 1 - (-6)/1. Let n(q) = -q**2 + 7*q + 7. Let p be n(m). Calculate t(p).
4
Suppose 0 = 5*b - l - 1 - 0, -2*l - 2 = 0. Suppose b = w + w. Let r(n) be the first derivative of -n**2/2 - 4*n + 78. Give r(w).
-4
Let y(d) = d**3 - 5*d**2 + 11*d. Let a(s) = -s**3 + 5*s**2 - 10*s + 1. Let w(u) = 6*a(u) + 5*y(u). Give w(5).
-19
Let j(v) = v**2 - v + 1. Let t(i) = -9*i + 14. Let g(r) = -j(r) + t(r). Let o = -9 - 0. Calculate g(o).
4
Let a(i) = -2*i**2 - 3*i - 2. Let x = 29 + -23. Suppose 0 = -x*t + 10 - 28. Give a(t).
-11
Suppose 69 = 4*b - 27*b. Let n(r) = 6*r + 25. Determine n(b).
7
Let r(k) be the first derivative of -k**4/4 - 4*k**3/3 - 2*k**2 - 3*k - 5. Let f be r(-2). Let y(q) be the second derivative of -q**3/3 - q**2 - 2*q. Give y(f).
4
Let i(q) = q + 8. Let f(s) = s**3 + 9*s**2 + 12*s + 35. Let g be f(-8). Suppose g*v = 5*v + 18. What is i(v)?
-1
Let o(f) = -167*f + 168*f + 0 - 3. Let c = 0 + 4. Calculate o(c).
1
Let a be 297/(-81) - 16/3. Let d(u) = 4*u + 5. What is d(a)?
-31
Let c(b) be the first derivative of 8*b**3 + 13*b**3 - 18*b**3 - 9. What is c(-1)?
9
Let h(r) = -24*r**2 + 585 - 583 + 4*r**3 + 17*r**2 + 8*r - 3*r**3. Give h(6).
14
Suppose 0 = 4*k + g + 2 + 7, -4*k + 16 = -4*g. Let y = 1 - k. Let h(l) be the third derivative of 5*l**4/24 - l**3/2 + 11*l**2. What is h(y)?
7
Suppose 28 = 3*u + 4*p - 48, 5*u = 3*p + 146. Let b(i) = i**2 - 30*i + 61. Determine b(u).
5
Let p = -334 + 334. Let x(h) = h**2 - 1 + h**2 - 3*h**2. Let b be x(p). Let g(u) = -4*u**2 - u - 1. What is g(b)?
-4
Suppose 4 = -g - 4*r + 2, -r + 42 = -4*g. Let s = g - -9. Let x(a) = -4*a + 1. Determine x(s).
5
Let f = -14 + 16. Suppose -196 = -2*r - 4*u, 82 = f*r - 3*u - 135. Let s(q) = -q - r + 104. Give s(0).
0
Let r(w) = -5 + 0 + 1 - 3*w. Suppose 5*z + 22 = -13. Let d = 4 + z. Give r(d).
5
Let n(o) = -o**3 + 6*o + 3. Let k be -4 - (-4)/4 - 1 - -2. What is n(k)?
-1
Let o(b) = -2*b**2 + 23*b + 6. Let q be o(12). Let t(v) = 0*v**3 - 1 + v**3 - 4 + 7*v**2 + 4*v + v. Calculate t(q).
1
Let s(c) be the second derivative of -c**5/20 + 3*c**4/4 + 4*c**3/3 + 6*c**2 + 4*c. Give s(10).
-8
Suppose -4 = 5*m + o + 2*o, 3*m + 14 = 4*o. Let p be (-4 - (-9)/6)*m. Let a(v) = v**2 - 2*v - 6. Give a(p).
9
Let p be (6/4)/((-4)/(-8)). Let o be (-3)/(2*p/(-6)). Let f(z) = 4*z**2 - 3*z + z + o*z - 2*z. Determine f(1).
3
Let z(c) = c**3 + 13*c**2 - 2*c. Let w(h) = -2*h**3 - 24*h**2 + 3*h + 1. Let u(f) = -4*w(f) - 7*z(f). Determine u(-4).
4
Suppose 1 = s - 3. Suppose j = s*j - 18. Let q(m) = 3*m**3 - 4*m**2 + 3*m - 3. Let k(a) = -13*a**3 + 15*a**2 - 13*a + 11. Let n(c) = 2*k(c) + 9*q(c). Give n(j).
1
Let i(f) = 2*f - 3. Suppose n - 1 = 1. Suppose 0 = 3*g - 15, -n*g + 2 = r + 16. Let j = r + 20. Determine i(j).
-11
Let g = 28 - 30. Let l(w) = 2 - 2 - w - 3. What is l(g)?
-1
Let o(d) = -d**2 - 9*d - 14. Let c be o(-6). Suppose -2*x - c = -12, 0 = -3*z - 2*x + 44. Let v be ((-3)/(-6))/(1/z). Let t(b) = 2*b - 6. What is t(v)?
6
Let x(u) = -2*u + 5 + 2 - 1 - 5. Give x(1).
-1
Let i(j) = j**2 + j - 2. Suppose -4*o + 16 = 4*p, 3*p + 4 = p + 2*o. Let v(y) = -y - 2. Let z(k) = p*i(k) + v(k). Determine z(4).
12
Let i(q) = q + 26. Let p be i(-23). Let x(c) = -8*c**3 - 4*c**2 - 5*c + 2. Let t(a) = 8*a**3 + 5*a**2 + 6*a - 3. Let z(l) = p*t(l) + 4*x(l). Calculate z(-1).
8
Let u(k) be the second derivative of k**4/12 + 5*k**3/3 + 3*k**2/2 + 287*k. Let j be 94/(-14) + (-4)/14. Calculate u(j).
-18
Let r = 2 - 0. Let l = -98 + 104. Let o(f) = -2 + 5*f + f**r + 5 + 4 - l. Calculate o(-5).
1
Let n(f) be the second derivative of f**3/6 + 7*f**2/2 - 2*f. Suppose -9 = 2*r - 15. Suppose -r*l + 8 = -l + 4*w, 3*l - 4*w + 28 = 0. Determine n(l).
3
Let y(g) be the third derivative of g**5/60 - g**4/12 + g**3/6 + 30*g**2. Give y(1).
0
Let o be (-3 - 6) + 2 - 1. Let w = o + 10. Let t(v) = 7*v - 2. Give t(w).
12
Let d(r) be the third derivative of -r**6/60 + r**5/10 + 623*r**2. What is d(4)?
-32
Let s(t) = t**2 - 7*t - 5. Let p = 275 + -268. What is s(p)?
-5
Let l(v) = -v**2 - 5*v - 2. Let i be (-27)/(-2) + (-1)/2. Let n(o) = o**2 - 5*o + 6. Let j be n(5). Let k be j/18 - i/3. Calculate l(k).
2
Let i(r) = -r**2 - 4*r + 5. Let s(d) = -2*d**2 - 13*d + 11. Let g(p) = -4*p**2 - 27*p + 22. Let z(h) = 4*g(h) - 9*s(h). Let m(v) = 5*i(v) + 3*z(v). Give m(-6).
-14
Suppose -w + 2 - 3 = -u, -2*w = u + 8. Let z(v) be the first derivative of -v**4/2 - v**3/3 - v**2 - 2*v - 410. What is z(u)?
14
Let z(r) be the second derivative of r**3/6 + 3*r**2/2 + 26*r + 1. Determine z(7).
10
Let v = 28 + -8. Let j(r) = 2*r - 41. Let s be j(v). Let p(u) = 8*u**3 - u**2. What is p(s)?
-9
Let u be (-1)/3 - (-38)/6. Let f(t) = t - 9. Let c be f(u). Let l(i) = 4 + 7*i - 6 + 3 - 3*i. Calculate l(c).
-11
Suppose 0 = -2*d - d + 9. Suppose 12 + 9 = -d*m. Let s(j) be the second derivative of j**4/12 + 7*j**3/6 + 2*j**2 - 31*j. Give s(m).
4
Let f(v) = -3*v**2 - 11*v + 3. Let q(b) = b**2 + 4*b - 1. Let x(z) = -2*f(z) - 5*q(z). Determine x(-1).
-2
Let y(s) = -s**3 - 10*s**2 - 2*s - 13. Let b be y(-10). Let u(q) = q + 6. Let x be u(b). Let r(z) = -6 - 13*z - 6 + 0 + x. Determine r(-1).
14
Let a(x) = 37*x**2 + 31*x - 53. Let m(d) = -23*d**2 - 21*d + 35. Let f(y) = -5*a(y) - 8*m(y). Determine f(11).
7
Suppose -o + 6 = 2*o. Let v = 15 + -11. Let f(h) = -7 - 3*h - o*h + v*h. Determine f(-3).
-4
Let z = 131 + -135. Let d(j) = j**3 + 3*j**2 + 4. Calculate d(z).
-12
Let d(j) = -j**2 + 7*j + 12. Suppose -2*k + 24 = 4*k. Suppose 3*w + c = 32, 4*w - k*c - 16 = -0. What is d(w)?
-6
Let j(d) = 55*d - 52*d - 1 - 1. Let l be (-270)/75*5/(-3). Calculate j(l).
16
Let z(w) = 5*w - 33. Let d be z(7). Let h(v) = -2*v**2 - 2*v + 2. Calculate h(d).
-10
Let j be ((-11)/5)/((-9)/45). Let t = 18 - j. Let s(l) = t - 25*l**2 - 4 - 5*l + 20*l**2 - l**3. Give s(-4).
7
Let y(q) be the second derivative of q**4/6 - q**3/3 - 25*q. Let l(h) = 5*h**2 - 5*h - 1. Let p(n) = -3*l(n) + 7*y(n). What is p(0)?
3
Suppose n = -3*z + 11, 2*z - n + 3 = z. Let x(r) = r**2 - 3*r - 1. What is x(z)?
-3
Suppose 145 = 7*z - 2*z. Let r be (-60)/(-105) + 3/((-42)/(-62)). Let x(m) = -r + 17*m + 11*m - z*m. Determine x(6).
-11
Let m(g) be the first derivative of 5*g**2/2 + 22*g - 40. Give m(-5).
-3
Let a(l) = -l**2 - 9*l + 11. Let m be a(-11). Let s be 1*10 - (-8 - m). Let f(i) = i**2 - 5*i - 8. Calculate f(s).
6
Let z = -32 + 42. Suppose -6*i + z = -5*i. Let v(l) = -2*l + 5*l**3 + 6*l**2 - 4*l**3 - 7 - i*l**2 - 3*l. What is v(5)?
-7
Let m(c) be the first derivative of 1/2*c**2 - 3*c + 3. Let f(g) = g**3 + 5*g**2 - 5*g + 6. Let h be f(-6). What is m(h)?
-3
Suppose 2*a = 5*r + 19, 2*r = -2*r + a - 14. Let k = 5 - r. Let c(h) = -h**2 + 9*h - 11. What is c(k)?
-3
Let n = 19 + -17. Let b(r) be the first derivative of -r**5/60 + r**4/6 - r**3/2 + 2*r**2 + 9. Let y(w) be the second derivative of b(w). Calculate y(n).
1
Let i(o) be the third derivative of 17/24*o**4 + 0*o + 0 + 0*o**3 + 16*o**2. Give i(-1).
-17
Let l(n) = -n**2 + 7*n + 3. Let t(k) = k**3 + 3*k**2 - 2*k - 8. Let s be t(2). Give l(s).
-5
Let x(i) = -4*i**2 - 5*i - 5. Let r(c) = -3*c**2 - 5*c - 4. Let u(d) = -3*r(d) + 2*x(d). Suppose 0 = -w, -3*b + 59 - 68 = -5*w. Determine u(b).
-4
Let y(k) = -k - 3. Suppose 3*l + 5*j = -56, 3*l = j + 2*j - 72. Let n be l/(-6) - 2/(-6). Let r be (-30)/n - 6/(-12). Give y(r).
4
Let d(f) be the first derivative of f**3/3 + 4*f**2 - f - 4. Let l = 66 - 74. What is d(l)?
-1
Let d(s) be the first derivative of -s**4/4 + 2*s**3 - s**2 - 8*s - 54. Give d(5).
7
Suppose 6 = -39*k + 38*k. Let p(x) = x**2 + 6*x + 5. Determine p(k).
5
Let l be 4/((-6)/(0 - 6)). Let w(o) = -4*o**2 - o - 2. Let z(f) = 3*f**2 + 2*f + 1. Let t(y) = -5*w(y) - 6*z(y). Calculate t(l).
8
Let w(x) = -x**3 - 6*x**2 - 4*x + 7. Suppose -4*g + p + 3*p = 4, -5*g + p = -15. Let m be g*1/20 - 26/5. Calculate w(m).
2
Let w(s) be the first derivative of s**5/120 - 3*s**4/8 + 9*s**3 - 6. Let t(x) be the third derivative of w(x). What is t(4)?
-5
Let h = 45 + -43. Let f(m) = -6*m**2 + h*m + 13*m**2 - m - 2*m. What is f(-1)?
8
Suppose 34*t + 40*t - 666 = 0. Let y(d) = d**2 - 13*d + 2. Gi